 Let a be (-8)/(-2) + 3/3*i. Let r = a - -483. Is r a prime number?
False
Suppose 0 = 449*b - 440*b - 27. Suppose 0 = b*p - 6, -4*p = -10*v + 5*v + 113667. Is v composite?
True
Let b(l) = 3*l + 25667. Is b(0) a prime number?
True
Let q(t) = 41*t + 13 - 5*t**2 - 3*t**3 - 69*t - 3*t**2 - 14*t. Is q(-18) composite?
True
Suppose 3*z - 118987 = 59*i - 57*i, -4*z + 3*i = -158651. Is z composite?
False
Let o be (9 - (8 - 5)) + 234. Suppose -o*u + 283646 = -218*u. Is u prime?
True
Suppose 0 = -25*y + 30*y + x - 1006640, 3*y = -x + 603982. Is y a prime number?
True
Suppose -2*g - 4*u = 14, -2*u = -0*g - 4*g - 28. Let r(q) = 8*q - 49 + 8*q**2 + 3*q**2 + 47. Is r(g) a composite number?
True
Let p = 1 - 246. Let g = 2854 + p. Is g composite?
False
Let f(u) = -u - 6. Let b be f(-10). Is (7 + -8)/(b - 31572/7892) composite?
False
Let i(t) = 4148*t - 20. Let j be i(4). Suppose -j = -3*v + 3*s, -26603 = -3*v + 2*s - 10036. Is v a prime number?
True
Let s(k) = 37818*k**2 + 85*k + 244. Is s(-3) composite?
True
Is (3*2/15)/(262/36294205) prime?
True
Suppose 0 = -351*t + 370*t + 207405 - 1133294. Is t prime?
True
Is -15 + (15 - 9) + 221402 composite?
False
Let y(r) = -171*r - 22. Let d(a) = 514*a + 65. Let x(l) = -6*d(l) - 17*y(l). Suppose 13 = -2*m + n - 13, 5*n = -3*m - 13. Is x(m) composite?
False
Suppose -93*v - 365 = -98*v. Let k = 727 + -325. Let y = k - v. Is y a prime number?
False
Let p(u) = -2*u**3 + 2*u**2 + 15*u + 64. Let d be p(-4). Is 24*d + (0 - -7) composite?
False
Suppose -13*s = -32*s. Suppose -4*w + 10574 + 11174 = s. Is w a composite number?
False
Let r(t) = -721*t + 549. Is r(-38) prime?
True
Suppose 0 = -d + 2*j + 2775, -2*j - 13875 = -4*d - d. Is d + 0 - (-2 - 0) composite?
False
Suppose -2*d + 4*o = -1224726, 612370 = -737*d + 738*d - 3*o. Is d a prime number?
True
Suppose -3*r = 2*g - 174732, 5*r - 174728 = 107*g - 109*g. Is g prime?
False
Let y = 9892 - 7022. Suppose 2*l - 3*j - 1131 = 0, 5*l + 2*j = j + y. Suppose -4*i + l = -i. Is i prime?
True
Let p = -134 - -208. Let z be p/(-3)*(-246)/(-1). Let q = 9367 + z. Is q a composite number?
False
Let t(i) = 489*i**3 + 3*i**2 + 15*i + 6. Let m(j) = -979*j**3 - 5*j**2 - 31*j - 13. Let p(h) = -4*m(h) - 9*t(h). Is p(-3) composite?
False
Suppose 0 = 2*h - 72*z + 76*z - 29854, 5*z - 74625 = -5*h. Is h a composite number?
False
Let x(q) = 2670*q - 60. Let i be x(6). Let n = -8713 + i. Is n prime?
True
Let x = -1 - 3. Let w be ((60/16)/(-15))/((-1)/(-12)) - 13. Is (223/4)/(x/w) prime?
True
Suppose -4*n + 2*d = -d + 17, 0 = -2*n + d - 11. Suppose -2*z = -5*h - 29 - 2, h + 43 = 5*z. Is 2435 + (2/z - 14/n) a prime number?
True
Let k be -600 + -1*(-3 + 10). Let n = -597 - k. Is n a prime number?
False
Let p be 1/(9/(-2) + 5). Suppose 6*t - p*t - 72 = 0. Is 62842/t - (-56)/(-252) a composite number?
False
Let k = -9 + 7. Is (-50 + (-9 - -6))/(k/86) a composite number?
True
Let f = 3 - 18. Let s be -1143*(-4 + (-130)/f). Is 4/(-7)*s/12 a composite number?
True
Let o = 159 - 152. Let i(p) = 18*p**2 + 3*p - 4. Is i(o) a prime number?
False
Suppose 5*m - 6*m = 2*b - 19468, m + 5*b = 19477. Let g = m + -7583. Is g a composite number?
True
Suppose -2*l + f = 5 + 13, l + 9 = 4*f. Let h(z) = -19*z**3 - 11*z**2 - 10*z + 17. Is h(l) a composite number?
True
Suppose -2*v = 4*l + 6, l - 4 = -v - 2. Let z be (-4)/(-14) - (-131)/7. Let b = v + z. Is b a prime number?
False
Let x(w) = 50*w**3 - 11*w**2 + 5*w - 13. Is x(6) prime?
False
Suppose -11*d + 1992164 = 7*d - 7383442. Is d a composite number?
False
Let h(n) = 23*n**2 + 28*n**2 - 53*n**2 + 3 + 10*n. Let f be h(5). Suppose 4*x + 2*l = 850, -45 = -x - f*l + 175. Is x composite?
False
Suppose -5*k = -2*f - 9, -23*k = 3*f - 20*k - 18. Suppose -2*l - 13713 = -f*o, 4*l - 22855 = -5*o + l. Is o composite?
True
Suppose 0 = -0*g - 5*g - 5, 11 = u + 2*g. Let x(j) = -3*j**2 - 2*j + 9. Let n(z) = -4*z**2 - 3*z + 8. Let m(v) = -3*n(v) + 2*x(v). Is m(u) prime?
False
Is ((-3)/(-9))/(-6 + (-20906690)/(-3484446)) composite?
False
Suppose 437622 = 2*k - 3*m - 348833, 5*k = -2*m + 1966223. Is k a composite number?
False
Suppose 73*d = 124*d - 62*d + 2450437. Is d a prime number?
False
Suppose 0*i - 2*i + 100642 = 5*q, 150988 = 3*i - 5*q. Is i composite?
True
Let d = 1856 - 619. Suppose 0 = -3*u + p + 2666, -2*u + 532 = p - d. Is u prime?
True
Let r = -44023 + 126856. Is r prime?
False
Let r(p) = -21*p**3 + p**2 + 3*p + 13. Let l be ((-2)/(-9) - (-29)/(-9)) + 3. Let d = l + -4. Is r(d) a composite number?
False
Suppose 2*v - 711 = -2621. Suppose h + 4*h = -11820. Let j = v - h. Is j a composite number?
False
Let r = 209 - 197. Suppose 1147609 = 41*u + r*u. Is u a composite number?
True
Is (-76 - -86213) + 1*(-7 + 1) prime?
True
Let k(h) = h**3 + h**2 + h - 2. Let z(x) = 496*x**3 - 8*x**2 - 5*x + 12. Let v(j) = -5*k(j) - z(j). Is v(-1) a composite number?
True
Suppose -2*b + 46732 = 4*n, 5*n + 0*n - 58412 = -4*b. Let u = -8095 + n. Is u composite?
True
Let z(i) = -2*i - 11. Let h be z(-12). Suppose 3*a - f - 6 = h, a - 11 = 5*f. Let m(y) = 204*y - 33. Is m(a) composite?
True
Let l = 2039 + 6158. Is l a prime number?
False
Is (3 - (-12)/(-5))*((-335639150)/33)/(-35) composite?
True
Suppose -2*k = -4*a - 8, 5*a - 2*a = -k + 4. Let v = -535 + 529. Is k/v*(-9096)/16 prime?
True
Let n be -3*2/(-3) + -74. Let s(u) = -2*u**3 + u**2 - 3*u + 4. Let t be s(0). Is t/(-18) + (-35512)/n a composite number?
True
Let n(z) = -6*z**2 - 10*z - 249. Let m be n(-13). Suppose 0*x - 3*x = -3*t - 13233, -x - 2*t + 4408 = 0. Let v = m + x. Is v a composite number?
True
Let j be (-40)/(-15)*(-45)/(-6). Suppose -5*p - j = 0, 3*k - p - 3*p = 52. Suppose -k*r + 2018 = -10*r. Is r composite?
False
Suppose 35 = 14*r - 35. Suppose -c + 4*u - 6*u + 1081 = 0, -r*u - 5405 = -5*c. Suppose -c = -m - 5*f, -2*m = -5*m + f + 3179. Is m a prime number?
True
Suppose 23*q + 393750 = 5*q. Let w = -14754 - q. Is w a prime number?
True
Suppose 125*s - 20198964 = -223*s. Is s a composite number?
False
Let m(y) = 18*y**2 + y + 18. Let b be m(-6). Let i be -3 - 1 - b/(-11). Let d = -19 + i. Is d a prime number?
True
Is ((-5)/(-3) - 2)/(-5 + 23431904/4686384) a prime number?
False
Let s(t) = 1342*t**3 - 4*t**2 - t + 3. Let c be s(-3). Is c/(-21) + (-38)/(-266) a composite number?
True
Let i(m) = m**2 - m. Let p(h) = -20*h**2 + 7*h + 7. Let t(r) = -4*i(r) - p(r). Let f(z) = 4*z - 18. Let j be f(3). Is t(j) prime?
True
Let r be ((-126)/(-14))/(0 + 1). Suppose -r*y = -6*y - 2631. Let s = y + -468. Is s a prime number?
True
Let s(r) = 7*r**2 + 4*r + 57. Let w be s(11). Suppose -5*i + 4315 = a, 5*a - w - 801 = -2*i. Is i composite?
True
Let r(b) = 340*b**3 - 2*b**2 - 5*b + 1. Is r(4) prime?
False
Let k be (-38 + 42)*205422/(-8). Is -3 - ((-7 - -14) + k) composite?
False
Is 247/(-13)*1 - -571712 a composite number?
True
Suppose q - 5*q + 1138958 + 274998 = 0. Is q composite?
False
Let i(g) = -g**3 + 12*g**2 - 34*g - 9. Let c be i(7). Is (-6)/(-9) + c/12*-51074 a prime number?
True
Let t(r) = -r**3 - 7*r**2 + 3*r + 24. Let h be t(-7). Suppose h*d = -3478 + 1096. Is 2*(-5)/10 - d prime?
False
Suppose 20*s - 57873 = 491267. Is s a prime number?
True
Let l(v) = 649*v**2 - 12*v + 67. Let s(x) = 20*x - 290. Let g be s(15). Is l(g) composite?
True
Suppose 4*z + 4*a = 12, -4*z - a + 3 = -6*z. Let j(d) = -10*d - 1 - d**3 + d**2 + 4*d + 0*d**3 + 8*d + 1755. Is j(z) prime?
False
Let a = 185 + -138. Suppose 20587 = -a*j + 54*j. Is j composite?
True
Let j(l) = 2*l + 36. Let s be j(-16). Suppose -2*u + 3744 + 4642 = -5*z, -s*u + 16772 = -2*z. Is u prime?
False
Let n(s) = s**2 + 5*s + 8. Let j be n(-4). Suppose f - 10 = -j*f. Suppose x - 1507 = f*v, 0 = x + 3*x + 5*v - 6028. Is x a prime number?
False
Let h(q) = 220*q**2 - 607*q - 157. Is h(-62) composite?
True
Suppose -3*w = -2*s + 9 + 16, -4*s + 4*w = -48. Let u be 6/9*(4 + -9 + s). Suppose q + 2019 = 3*x - 2*q, 2*x + u*q = 1346. Is x composite?
False
Suppose 1176*s - 596974 = 1162*s. Is s a composite number?
False
Suppose -2 = -g, 0*h = -4*h + g - 6254. Suppose 5*c + 4460 = 3*u + 2*u, 3*c + u + 2692 = 0. Let y = c - h. Is y prime?
False
Suppose -z + 3*n = -50184, -2*z + 63417 = 2*n - 36927. Suppose -2*h - 2*d = 3*h - z, 5*h - 50185 = -4*d. Suppose 0 = -13*m + 198 + h. Is m composite?
False
Let